
9
Suppose 4*w + 353 = 3*k, 129*w - 133*w = -4*k + 468. Calculate the highest common divisor of k and 5152.
23
Let x(k) = k**3 + 28*k**2 - 26*k + 245. Let r be x(-29). What is the highest common factor of r and 1501?
79
Let y(r) = 3*r - 2. Let k be y(2). Let x be 1/(-3) + (-50)/(-15). Suppose x*a + 5*g - 144 = -a, -a = -3*g - 36. What is the highest common factor of k and a?
4
Let z(j) = 3*j + 35. Let y be z(-3). Suppose -24*x = -y*x + 10. Calculate the highest common divisor of 180 and x.
5
Suppose 2*l - 11796 = 2*f, 5*l = -3*f + 2*f + 29508. Calculate the highest common divisor of 21 and l.
21
Suppose 0 = -5*v + 209 + 31. Let b be 2/(-12) - (-440)/v. Calculate the highest common divisor of b and 18.
9
Suppose 4*a = 8*a - 1408. Suppose -5*y + 4*o + 32 = 0, -5*o = 5*y - 27 - 23. What is the highest common divisor of y and a?
8
Let t(c) = 13*c + 29. Let h be t(-2). Suppose -5 = o + h*s, -11*o + 5*s = -12*o - 15. What is the greatest common divisor of 160 and o?
10
Let g be (-459)/18*1*-2. Suppose 19*a - 20*a = -g. Let b = a - 22. Calculate the highest common factor of 319 and b.
29
Suppose -204*z = -8157 + 159877 - 785752. Calculate the greatest common factor of z and 2268.
84
Suppose -16*t - 455 = -30*t + 9*t. Suppose -3*j - j + 356 = 0. Suppose -t = -2*r - j. Calculate the highest common divisor of 8 and r.
1
Let b = 74045 - 74043. Let n = 11 + 23. Calculate the highest common factor of n and b.
2
Suppose 220*v - 247*v + 1147878 = 0. What is the highest common divisor of v and 58?
58
Suppose 29*i - 834 = 18*i - 4*n, -3*i - 5*n + 204 = 0. What is the greatest common factor of i and 36114?
78
Suppose 0 = -5*u - 20, -2*w + 108 = -0*w + 5*u. What is the highest common factor of 184 and w?
8
Suppose 0 = -4*x + 4*b + 388, 0 = 2*x + 2*b - 6*b - 200. Let p be (-2)/(-7) - (-23 - (-12345)/(-35)). Calculate the greatest common factor of p and x.
94
Let l = 115922 - 79984. What is the highest common factor of 34 and l?
34
Suppose 156 = 4*f + 4*i, -2*f + 7*f - 5*i = 175. Let g(y) = 45*y**2 - 4*y - 3. Let c be g(-2). What is the highest common divisor of c and f?
37
Let d be ((-4023)/298 - (1 + -7))*6/(-3). Suppose 0 = 8*s - 29 - 163. What is the highest common divisor of d and s?
3
Suppose -14*f + 19*f + 730 = 0. Let c = -105 - f. Calculate the greatest common factor of 164 and c.
41
Suppose 174*g - 175*g - 741 = 0. Let x be (-57)/(-95) - g/15. Calculate the highest common divisor of x and 50.
50
Let w = 16120 - 16047. What is the highest common factor of w and 58181?
73
Suppose -3119 + 2678 = -21*n. What is the greatest common divisor of n and 1491?
21
Let q be (102/12)/((5/(-2010))/((-2)/6)). What is the highest common divisor of 268 and q?
67
Let z = 67 + -42. Suppose 288 - 60 = 6*b. Let g = z + b. What is the greatest common divisor of g and 9?
9
Suppose 5*f - 3*l + 1947 = 0, 7*f = 3*f + 2*l - 1558. Let d be f/(-7) - (-4)/70*5. Suppose 2*u + 21 = 49. Calculate the greatest common divisor of u and d.
14
Let y(t) = t**3 - 8*t**2 + 26*t - 116. Let f be y(7). Calculate the highest common factor of f and 49.
1
Suppose 3*u + 18 + 30 = 0. Let o = u + 43. Calculate the greatest common divisor of 135 and o.
27
Suppose 13 = 3*o - 47. Let z be ((-10)/3)/((-13)/15 + 1). Let h be (-6)/45*z*(-12)/(-8). What is the greatest common factor of h and o?
5
Let t(p) = 3*p**3 - 2*p**2 - 2*p - 2. Let b be t(-5). Let h = b + 432. What is the greatest common factor of h and 240?
15
Let y be 4/((2/45)/((-140)/(-84))). Calculate the greatest common factor of y and 38.
2
Suppose 2*z + 42*a - 19258 = 44*a, -48147 = -5*z + 3*a. Calculate the greatest common divisor of 180 and z.
90
Let t(j) = -79*j - 1792. Let q be t(-24). Calculate the highest common factor of 1924 and q.
52
Suppose 10 = 2*y + 3*g - 4*g, -5*y - 2*g + 7 = 0. Let i be (-10 + 11)*(58 - y). Calculate the highest common divisor of 660 and i.
55
Let d = -879 - -1789. Suppose -d = 33*v - 43*v. Calculate the greatest common factor of 7 and v.
7
Let t = 125 - 64. Let u = 125 + -51. Suppose -5*a + u = -t. What is the greatest common divisor of 3 and a?
3
Suppose -4*n - 753 = p - 826, p = 2*n + 31. What is the greatest common divisor of p and 9015?
15
Suppose 0 = 461*r - 485*r + 3840. Calculate the greatest common divisor of r and 800.
160
Let o be (18/(-3))/(4/(-54)). Suppose -p - x + 0*x - 50 = 0, 2*x - 140 = 3*p. Let u be (-2)/(-16) + (-426)/p. Calculate the greatest common factor of o and u.
9
Let q = -5 + 8. Let m be (-1)/(-5*1/(-90)). Let g = m + 39. Calculate the highest common divisor of g and q.
3
Suppose -6573 = 4*x - 25*x. Let l = x - 214. What is the greatest common factor of l and 18?
9
Let g = -217 - -223. Let d be 2/4*(-3 + -11). Let o be (-389)/d - g/(-14). Calculate the highest common divisor of 14 and o.
14
Let s be -3*12/(-63)*(-182)/52. Let u be (-622578)/(-1122) - s/17. Calculate the greatest common factor of u and 15.
15
Suppose 10*z - 22 = -5*n + 9*z, 5*n + 3*z - 16 = 0. Let k be (-2 + 1)/((-5)/(234*n)). Calculate the greatest common factor of k and 26.
26
Let l be ((-36)/(-6))/((-8)/44). Let q be (-1969)/l - 2/3. Let v = q - 53. What is the highest common divisor of 24 and v?
6
Suppose -441 = -n + 4*z, -n = -2*z + 275 - 726. Let p = n + -54. What is the greatest common divisor of p and 37?
37
Let i = 12387 + -12013. Calculate the highest common divisor of i and 11033.
187
Suppose -11*i + 5259 = -4333. Suppose 88 + i = 20*w. Let a(o) = 3*o + 3. Let g be a(3). Calculate the highest common factor of g and w.
12
Suppose 0 = 3*b - 3*g - 23 - 64, 3*b - 5*g - 79 = 0. Let u be -1 + (-4 - 2) + b. What is the greatest common factor of u and 13?
13
Suppose 4*m - 1745 = 907. What is the highest common divisor of m and 91?
13
Suppose -38*h + 1908 - 578 = 0. Calculate the highest common divisor of 1491 and h.
7
Let k be 2505*(6/1 - 64/12). Calculate the highest common divisor of 20 and k.
10
Let r = 338 + -190. Suppose 15*u = -r + 568. Let x = -61 - -103. Calculate the greatest common divisor of u and x.
14
Suppose -195*x - 603745 + 2506945 = 0. What is the highest common divisor of x and 80?
80
Suppose o - 10096 = -s, 0*s + s = 5*o - 50486. Calculate the highest common divisor of 23 and o.
23
Suppose 628 = 42*v + 124. What is the greatest common factor of 152 and v?
4
Let n = 19990 + -8528. Calculate the highest common divisor of n and 66.
22
Let q = 52 + -30. Let p(r) = 2*r + 15. Let c(j) = j + 1. Let s(f) = -6*c(f) - p(f). Let b be s(-4). What is the highest common factor of q and b?
11
Suppose 2*i - 44 - 42 = 0. Let g be (2 + i)*12/10. Suppose -5*y + g = -2*y. Calculate the greatest common factor of 2 and y.
2
Suppose -z + 6*q = 4*q + 1812, -2*q = 2*z + 3606. Let k be z*(44/12 - 4). Calculate the greatest common factor of 86 and k.
86
Suppose 10*y + 54 + 186 = 0. Let x = 28 + y. Suppose -4*f + 152 = -0*m + 2*m, 3*f - x*m - 136 = 0. Calculate the highest common divisor of 10 and f.
10
Let w be (2 - (2 + 0)) + 450. Let g be (26/2)/(426/36 - 12). Let t be 694/14 + g/(-182). What is the greatest common factor of t and w?
50
Let b be 56*((-42)/4)/(-7). Let w = 2475 - 2457. Calculate the greatest common divisor of b and w.
6
Suppose -3*n + 2*n + 4 = 0, -4*a = 5*n - 52. Suppose 23 = 5*r - k, 4*r + k + 15 - 28 = 0. Calculate the highest common divisor of r and a.
4
Suppose 2*x + 2*c - 742 = 0, 45*x - 43*x = c + 745. What is the greatest common divisor of 12 and x?
12
Suppose 14*d = -22 - 34. Let z(w) = -w**3 + w**2 + 5*w - 3. Let p be z(d). What is the highest common factor of 76 and p?
19
Let l = -23895 + 23959. Let b(u) = u + 128. Let i be b(0). Calculate the highest common divisor of i and l.
64
Let j = 550 + -355. Let w be (12945/6041)/(1/7). Calculate the highest common divisor of j and w.
15
Let i be (3/6*-10)/1. Let b be 10/25 - 43/i. Let q(n) = -5*n + 16. Let t be q(3). Calculate the greatest common divisor of t and b.
1
Let s = 14 - 2. Let l be 9/(108/160)*(-15)/(-10). Suppose l + 28 = r. What is the highest common factor of r and s?
12
Let u(s) = 3*s**2 - 3*s - 8. Let p(b) = -1. Let v(r) = -4*p(r) + 2*u(r). Let k = -4 + 10. Let h be v(k). What is the highest common divisor of 28 and h?
28
Suppose -296*s - 4 = -298*s. Let z be s/(-9) + (-23900)/(-225). What is the highest common factor of 159 and z?
53
L